{"id":6929,"date":"2019-11-14T14:50:06","date_gmt":"2019-11-14T13:50:06","guid":{"rendered":"https:\/\/stlouis-stereinedebretagne.fr\/?page_id=6929"},"modified":"2025-09-19T09:31:31","modified_gmt":"2025-09-19T07:31:31","slug":"demande-inscription-2020-2021","status":"publish","type":"page","link":"https:\/\/stlouis-stereinedebretagne.fr\/?page_id=6929","title":{"rendered":"Demande inscription 2026-2027"},"content":{"rendered":"<p>Chers parents,&nbsp;<\/p>\n<p>Nous sommes encore tr\u00e8s t\u00f4t dans l&rsquo;ann\u00e9e et pourtant la rentr\u00e9e prochaine se pr\u00e9voit d\u00e8s maintenant.&nbsp;<\/p>\n<p>Si vous souhaitez rejoindre notre \u00e9cole pour l&rsquo;ann\u00e9e 2026-2027, voici les premi\u00e8res d\u00e9marches \u00e0 accomplir :&nbsp;<\/p>\n<ul>\n<li>d\u00e8s \u00e0 pr\u00e9sent, vous pouvez <strong>compl\u00e9ter en ligne la demande d&rsquo;inscription pour la rentr\u00e9e prochaine<\/strong>&nbsp;:<\/li>\n<\/ul>\n<p><a href=\"https:\/\/forms.office.com\/e\/9cn0bzAgwQ?origin=lprLink\">https:\/\/forms.office.com\/e\/9cn0bzAgwQ?origin=lprLink<\/a><\/p>\n<ul>\n<li>A partir de novembre, je vous contacterai pour que <strong>nous fixions un rendez-vous<\/strong>. Lors de cette premi\u00e8re rencontre, il est souhaitable que vous (les deux parents) ainsi que l&rsquo;enfant pour lequel vous demandez une inscription soyez pr\u00e9sents. Merci \u00e9galement de vous munir de votre livret de famille et du carnet de sant\u00e9 de l&rsquo;enfant.&nbsp;<\/li>\n<\/ul>\n<p>&nbsp;<\/p>\n<ul>\n<li>Si vous le souhaitez et une fois votre inscription valid\u00e9e d\u00e9finitivement, vous serez convi\u00e9s avec votre enfant<strong>&nbsp;\u00e0 une soir\u00e9e portes ouvertes<\/strong> au cours de laquelle vous rencontrerez l&rsquo;\u00e9quipe enseignante, les bureaux APEL et OGEC. Vous y d\u00e9couvrirez le fonctionnement de notre \u00e9cole ainsi que les projets qui l&rsquo;animent tout au long de l&rsquo;ann\u00e9e. La date de cette soir\u00e9e vous sera donn\u00e9e ult\u00e9rieurement.<\/li>\n<\/ul>\n<p>&nbsp;<\/p>\n<ul>\n<li>Fin mai &#8211; d\u00e9but juin, <strong>nous accueillerons le temps d&rsquo;une matin\u00e9e de classe votre enfant<\/strong> afin qu&rsquo;il puisse d\u00e9couvrir l&rsquo;\u00e9cole et ainsi mieux appr\u00e9hender sa rentr\u00e9e scolaire.&nbsp;<\/li>\n<\/ul>\n<p>Si vous avez des questions, n&rsquo;h\u00e9sitez pas \u00e0 m&rsquo;adresser un mail \u00e0 l&rsquo;adresse suivante :&nbsp;<\/p>\n<p style=\"text-align: center;\"><strong>ec.ste-reine-bretagne.st-louis@ec44.fr<\/strong><\/p>\n<p>Au plaisir de vous rencontrer,&nbsp;<\/p>\n<p>Claire JAUNAIS<\/p>\n<p>Cheffe d&rsquo;Etablissement<\/p>\n<p>&nbsp;<\/p>\n","protected":false},"excerpt":{"rendered":"<p>Chers parents,&nbsp; Nous sommes encore tr\u00e8s t\u00f4t dans l&rsquo;ann\u00e9e et pourtant la rentr\u00e9e prochaine se pr\u00e9voit d\u00e8s maintenant.&nbsp; Si vous souhaitez rejoindre notre \u00e9cole pour l&rsquo;ann\u00e9e 2026-2027, voici les premi\u00e8res&hellip; <br \/> <a class=\"read-more\" href=\"https:\/\/stlouis-stereinedebretagne.fr\/?page_id=6929\">Lire la suite<\/a><\/p>\n","protected":false},"author":30,"featured_media":0,"parent":0,"menu_order":0,"comment_status":"closed","ping_status":"closed","template":"","meta":{"ngg_post_thumbnail":0,"footnotes":""},"class_list":["post-6929","page","type-page","status-publish","hentry"],"jetpack_sharing_enabled":true,"_links":{"self":[{"href":"https:\/\/stlouis-stereinedebretagne.fr\/index.php?rest_route=\/wp\/v2\/pages\/6929","targetHints":{"allow":["GET"]}}],"collection":[{"href":"https:\/\/stlouis-stereinedebretagne.fr\/index.php?rest_route=\/wp\/v2\/pages"}],"about":[{"href":"https:\/\/stlouis-stereinedebretagne.fr\/index.php?rest_route=\/wp\/v2\/types\/page"}],"author":[{"embeddable":true,"href":"https:\/\/stlouis-stereinedebretagne.fr\/index.php?rest_route=\/wp\/v2\/users\/30"}],"replies":[{"embeddable":true,"href":"https:\/\/stlouis-stereinedebretagne.fr\/index.php?rest_route=%2Fwp%2Fv2%2Fcomments&post=6929"}],"version-history":[{"count":13,"href":"https:\/\/stlouis-stereinedebretagne.fr\/index.php?rest_route=\/wp\/v2\/pages\/6929\/revisions"}],"predecessor-version":[{"id":20811,"href":"https:\/\/stlouis-stereinedebretagne.fr\/index.php?rest_route=\/wp\/v2\/pages\/6929\/revisions\/20811"}],"wp:attachment":[{"href":"https:\/\/stlouis-stereinedebretagne.fr\/index.php?rest_route=%2Fwp%2Fv2%2Fmedia&parent=6929"}],"curies":[{"name":"wp","href":"https:\/\/api.w.org\/{rel}","templated":true}]}}

<p>Chers parents,&nbsp;</p>
<p>Nous sommes encore très tôt dans l&rsquo;année et pourtant la rentrée prochaine se prévoit dès maintenant.&nbsp;</p>
<p>Si vous souhaitez rejoindre notre école pour l&rsquo;année 2026-2027, voici les premières démarches à accomplir :&nbsp;</p>
<ul>
<li>dès à présent, vous pouvez <strong>compléter en ligne la demande d&rsquo;inscription pour la rentrée prochaine</strong>&nbsp;:</li>
</ul>
<p><a href="https://forms.office.com/e/9cn0bzAgwQ?origin=lprLink">https://forms.office.com/e/9cn0bzAgwQ?origin=lprLink</a></p>
<ul>
<li>A partir de novembre, je vous contacterai pour que <strong>nous fixions un rendez-vous</strong>. Lors de cette première rencontre, il est souhaitable que vous (les deux parents) ainsi que l&rsquo;enfant pour lequel vous demandez une inscription soyez présents. Merci également de vous munir de votre livret de famille et du carnet de santé de l&rsquo;enfant.&nbsp;</li>
</ul>
<p>&nbsp;</p>
<ul>
<li>Si vous le souhaitez et une fois votre inscription validée définitivement, vous serez conviés avec votre enfant<strong>&nbsp;à une soirée portes ouvertes</strong> au cours de laquelle vous rencontrerez l&rsquo;équipe enseignante, les bureaux APEL et OGEC. Vous y découvrirez le fonctionnement de notre école ainsi que les projets qui l&rsquo;animent tout au long de l&rsquo;année. La date de cette soirée vous sera donnée ultérieurement.</li>
</ul>
<p>&nbsp;</p>
<ul>
<li>Fin mai &#8211; début juin, <strong>nous accueillerons le temps d&rsquo;une matinée de classe votre enfant</strong> afin qu&rsquo;il puisse découvrir l&rsquo;école et ainsi mieux appréhender sa rentrée scolaire.&nbsp;</li>
</ul>
<p>Si vous avez des questions, n&rsquo;hésitez pas à m&rsquo;adresser un mail à l&rsquo;adresse suivante :&nbsp;</p>
<p style="text-align: center;"><strong>ec.ste-reine-bretagne.st-louis@ec44.fr</strong></p>
<p>Au plaisir de vous rencontrer,&nbsp;</p>
<p>Claire JAUNAIS</p>
<p>Cheffe d&rsquo;Etablissement</p>
<p>&nbsp;</p>

<p>Chers parents,&nbsp; Nous sommes encore très tôt dans l&rsquo;année et pourtant la rentrée prochaine se prévoit dès maintenant.&nbsp; Si vous souhaitez rejoindre notre école pour l&rsquo;année 2026-2027, voici les premières&hellip; <br /> <a class="read-more" href="https://stlouis-stereinedebretagne.fr/?page_id=6929">Lire la suite</a></p>
